s -5 + -5b?
-64
In base 12, what is 5 - -1200?
1205
In base 5, what is -4 + 11213?
11204
In base 2, what is -11 - 11011011000?
-11011011011
In base 3, what is 1000 - -10021?
11021
In base 2, what is -1 + 111?
110
In base 9, what is 3 - -353?
356
In base 3, what is -211 + -20?
-1001
In base 5, what is 123032 + 1?
123033
In base 4, what is 320221 - -11?
320232
In base 12, what is a + -48?
-3a
In base 4, what is 3 + -10020?
-10011
In base 9, what is 0 + -38?
-38
In base 10, what is -4 - 5?
-9
In base 11, what is 190 - 5?
186
In base 14, what is b5 - 1b?
98
In base 13, what is 32a1 + 2?
32a3
In base 14, what is -1 - -5a2?
5a1
In base 6, what is -1333 - -3?
-1330
In base 16, what is 0 - 50?
-50
In base 5, what is -23002 - 3?
-23010
In base 12, what is 7 - 51?
-46
In base 15, what is 69 + -2?
67
In base 15, what is 1 - 71?
-70
In base 6, what is 310 - 1?
305
In base 3, what is -21102 - 2?
-21111
In base 4, what is 121 - -3?
130
In base 13, what is 18 + -38?
-20
In base 13, what is -4cc - -5?
-4c7
In base 4, what is -1111 - -2?
-1103
In base 12, what is 0 - -a1?
a1
In base 9, what is 608 + 1?
610
In base 16, what is 80f + -2?
80d
In base 3, what is -1 + -2012011?
-2012012
In base 2, what is 11100110000 + -10?
11100101110
In base 13, what is -87a - 2?
-87c
In base 14, what is 118 + 4?
11c
In base 15, what is 64 + 1a?
7e
In base 9, what is 483 + 0?
483
In base 14, what is -64 + 1?
-63
In base 16, what is -42 + -3?
-45
In base 15, what is 17 - -5?
1c
In base 7, what is -1 + 531?
530
In base 6, what is -4 + 342?
334
In base 14, what is -1 - 100?
-101
In base 8, what is -207 - 0?
-207
In base 14, what is -1d3 + d?
-1c4
In base 6, what is -231 - 20?
-251
In base 15, what is 4 - -166?
16a
In base 6, what is 2 - 124?
-122
In base 11, what is -5 - 36?
-40
In base 3, what is 1110 + -1?
1102
In base 16, what is 4 + -45f?
-45b
In base 14, what is -4 - 5?
-9
In base 10, what is 3666 - -3?
3669
In base 6, what is 5 - 4225?
-4220
In base 11, what is -1 - -44?
43
In base 8, what is 335 - 14?
321
In base 6, what is 4 + 12334?
12342
In base 7, what is -451 - -1?
-450
In base 13, what is -24c - 4?
-253
In base 7, what is 312 + 0?
312
In base 10, what is 3096 - 5?
3091
In base 7, what is 35460 - 5?
35452
In base 6, what is 1 - -251?
252
In base 15, what is -2cd - 0?
-2cd
In base 12, what is 76 + -3?
73
In base 5, what is -3 - -10240?
10232
In base 14, what is 0 - -3b?
3b
In base 7, what is -4 - 114?
-121
In base 9, what is -5 + -1710?
-1715
In base 14, what is 5 + -14?
-d
In base 9, what is -4 - 50?
-54
In base 16, what is -355b - -5?
-3556
In base 9, what is 103 + 1?
104
In base 7, what is 2 - -2?
4
In base 7, what is 2 - -3404?
3406
In base 7, what is 33 - 2?
31
In base 14, what is 27b + 1?
27c
In base 3, what is -2221021 - 11?
-2221102
In base 12, what is -3270 - 4?
-3274
In base 14, what is 3c + 4?
42
In base 8, what is 227 + -22?
205
In base 15, what is -5 - -c9?
c4
In base 15, what is 3 + -65?
-62
In base 12, what is -75 + -1?
-76
In base 15, what is 5 - -275?
27a
In base 4, what is 22 - 1010?
-322
In base 2, what is -110101111010 - -101?
-110101110101
In base 11, what is -400 - -4?
-3a7
In base 6, what is -52231 + -5?
-52240
In base 9, what is -124 - 74?
-208
In base 15, what is -5d + -8?
-66
In base 12, what is 5 - -ba?
103
In base 5, what is 20 + 2023?
2043
In base 2, what is 111000010011001 + -10?
111000010010111
In base 11, what is -6601 - 5?
-6606
In base 9, what is -136 - 5?
-142
In base 14, what is -b - -65?
58
In base 4, what is 10 - 10022?
-10012
In base 8, what is 2400 - 0?
2400
In base 4, what is -2130002 + 1?
-2130001
In base 10, what is 24 + 25?
49
In base 9, what is 6 - -202?
208
In base 9, what is 4 - 224?
-220
In base 7, what is 1232 + 11?
1243
In base 4, what is -30 - -202?
112
In base 7, what is -1 - -446?
445
In base 11, what is 408 - -15?
422
In base 11, what is 142 + 5?
147
In base 15, what is 1 - 1b1?
-1b0
In base 6, what is -3443 + 1?
-3442
In base 5, what is -2 + 31230?
31223
In base 14, what is -1ba + 1?
-1b9
In base 3, what is 1 - 1?
0
In base 12, what is 2 - 11?
-b
In base 6, what is 4 + 310?
314
In base 2, what is 1101000 - 10?
1100110
In base 15, what is -602d + 0?
-602d
In base 2, what is 101 - -100111101?
101000010
In base 11, what is 754 - 5?
74a
In base 14, what is 1406 + -5?
1401
In base 7, what is 42 - 3?
36
In base 5, what is 1020 + -104?
411
In base 5, what is -112243 + 2?
-112241
In base 15, what is 1 + 2?
3
In base 7, what is -352 + -2?
-354
In base 6, what is 230521 + 0?
230521
In base 8, what is -23 - -6?
-15
In base 16, what is 3 + 46?
49
In base 8, what is -5 + 140?
133
In base 6, what is -411 + -4?
-415
In base 13, what is -8cc + -9?
-908
In base 3, what is 1 - -2122?
2200
In base 3, what is -10 - -1002000?
1001220
In base 8, what is 3 - -1141?
1144
In base 6, what is -15 + 2144?
2125
In base 12, what is -4 - -10?
8
In base 9, what is 15318 - 0?
15318
In base 5, what is 24322 - -4?
24331
In base 13, what is -c79 + 1?
-c78
In base 10, what is 4 - 127?
-123
In base 12, what is -17 - -2?
-15
In base 14, what is a23 - 4?
a1d
In base 5, what is -4 + 100?
41
In base 3, what is 22 + -1022?
-1000
In base 8, what is -3 - -2165?
2162
In base 13, what is 26b + 1?
26c
In base 5, what is 1034 - -23?
1112
In base 12, what is 0 + 271?
271
In base 13, what is 24 + 4?
28
In base 14, what is -2 + 2?
0
In base 13, what is 1a1 - 5?
199
In base 15, what is 2 - -37?
39
In base 7, what is -10322 + -3?
-10325
In base 7, what is -6063 - -5?
-6055
In base 13, what is -9c - 17?
-b6
In base 11, what is 3 - 44?
-41
In base 10, what is -58 + 34?
-24
In base 11, what is -7 + -192?
-199
In base 9, what is 140 - 2?
137
In base 14, what is -6c + -1d?
-8b
In base 9, what is 5 - 23?
-17
In base 8, what is 132 - 4?
126
In base 4, what is -10213 + -1?
-10220
In base 5, what is -404322 - -3?
-404314
In base 3, what is -2 + 110201022?
110201020
In base 11, what is 12903 + 4?
12907
In base 4, what is 10 + -2023?
-2013
In base 3, what is -212101 - -21?
-212010
In base 13, what is 110 - 5?
108
In base 4, what is 2103 + -2?
2101
In base 2, what is -1101100100 + 10101?
-1101001111
In base 15, what is -5e - 8?
-67
In base 2, what is 101 - 111100100?
-111011111
In base 10, what is -3 - 885?
-888
In base 13, what is 20 - -18?
38
In base 5, what is 0 + 1000?
1000
In base 12, what is -b - 438?
-447
In base 15, what is 4 + -2d?
-29
In base 5, what is 430241 + 4?
430300
In base 16, what is 0 - -69?
69
In base 3, what is -12 - 222?
-1011
In base 6, what is 442555 - -5?
443004
In base 7, what is 16 + -54?
-35
In base 16, what is 9 - a1?
-98
In base 16, what is 9f - -2?
a1
In base 16, what is -75 + 5?
-70
In base 14, what is 1791 - -5?
1796
In base 14, what is -2107 + -4?
-210b
In base 3, what is 100 - -101100?
101200
In base 7, what is 1031 + 11?
1042
In base 14, what is -45a - -5?
-455
In base 5, what is 11 + 124?
140
In base 2, what is -1 + -11100010010?
-11100010011
In base 5, what is -103 - -3?
-100
In base 6, what is 4 + 523?
531
In base 3, what is 0 + 1122221?
1122221
In base 4, what is -1000 - -3?
-331
In base 9, what is 273 - -1?
274
In base 13, what is 2524 - 4?
2520
In base 7, what is -4 + -336?
-343
In base 7, what is 62 - 252?
-160
In base 2, what is 10000010001011 - 100?
10000010000111
In base 8, what is -2 - -400?
376
In base 16, what is 3d8 - 22?
3b6
In base 8, what is -4 + 724?
720
In base 13, what is -67 + 57?
-10
In base 13, what is -4 - 70?
-74
In base 13, what is 33c + 4?
343
In base 14, what is -4 - -8a?
86
In base 15, what is -80 - 2?
-82
In base 3, what is 10 - 12022122?
-12022112
In base 6, what is -5 - 124?
-133
In base 2, what is -10101100 + 10?
-10101010
In base 7, what is 23612 + 1?
23613
In base 7, what is 3 + -302?
-266
In base 3, what is 110 + 121?
1001
In base 10, what is -6 + -531?
-537
In base 5, what is -1411 - 3?
-1414
In base 13, what is -3 - 9ab?
-9b1
In base 3, what is 21 + 1222?
2020
In base 8, what is 32 - -737?
771
In base 2, what is -101 + -10000111?
-10001100
In base 14, what is -4633 + -1?
-4634
In base 7, what is -1 + -33015?
-33016
In base 6, what is -505 + 4?
-501
In base 10, what is 1562 - 3?
1559
In base 3, what is 12 + 11100?
11112
In base 12, what is 23 + -4?
1b
In base 3, what is -12 - 200121?
-200210
In base 6, wha